{"id":2,"date":"2015-12-22T16:56:58","date_gmt":"2015-12-22T15:56:58","guid":{"rendered":""},"modified":"2015-12-23T01:25:52","modified_gmt":"2015-12-23T00:25:52","slug":"beispiel-seite","status":"publish","type":"page","link":"https:\/\/www.weibold.cc\/?page_id=2","title":{"rendered":"Christoph Weibold"},"content":{"rendered":"<p><img loading=\"lazy\" decoding=\"async\" class=\"alignnone wp-image-20 size-medium\" src=\"http:\/\/www.weibold.cc\/wp-content\/uploads\/2015\/12\/weibold3-300x200.jpg\" alt=\"weibold3\" width=\"300\" height=\"200\" srcset=\"https:\/\/www.weibold.cc\/wp-content\/uploads\/2015\/12\/weibold3-300x200.jpg 300w, https:\/\/www.weibold.cc\/wp-content\/uploads\/2015\/12\/weibold3.jpg 548w\" sizes=\"(max-width: 300px) 100vw, 300px\" \/><\/p>\n<p><strong>Lehrer<\/strong> an der BHAK\/BHAS Linz\u00a0f\u00fcr kaufm\u00e4nnische F\u00e4cher und PBSK:\u00a0Pers\u00f6nlichkeitsbildung und soziale Kompetenz<\/p>\n<p><strong>Bundeskoordinator<\/strong> f\u00fcr Pers\u00f6nlichkeitsbildung und soziale Kompetenz<\/p>\n<p><strong>Referent<\/strong>\u00a0an p\u00e4dagogischen Hochschulen\u00a0in der Lehrer\/innenaus- und Fortbildung zu den Themenschwerpunkten:<\/p>\n<ul>\n<li>Pers\u00f6nlichkeitsbildung und soziale Kompetenz<\/li>\n<li>individuelle Lernbegleitung<\/li>\n<li>Vereinbarungskultur;<\/li>\n<\/ul>\n<p><strong>Coach- und Managementtrainer<\/strong>,\u00a0Lebens- und Sozialberater<\/p>\n<h3>Kontakt<\/h3>\n<blockquote>\n<address>Mag. Christoph Weibold<\/address>\n<address>Siriusweg 18<\/address>\n<address>A-4030 Linz<\/address>\n<address>christoph@weibold.cc<\/address>\n<\/blockquote>\n<address><a href=\"https:\/\/weibold.wordpress.com\" target=\"_blank\">Mehr zu meiner Person finden Sie hier! &gt;&gt;&gt;<\/a>\u00a0<\/address>\n","protected":false},"excerpt":{"rendered":"<p>Lehrer an der BHAK\/BHAS Linz\u00a0f\u00fcr kaufm\u00e4nnische F\u00e4cher und PBSK:\u00a0Pers\u00f6nlichkeitsbildung und soziale Kompetenz Bundeskoordinator f\u00fcr Pers\u00f6nlichkeitsbildung und soziale Kompetenz Referent\u00a0an p\u00e4dagogischen Hochschulen\u00a0in der Lehrer\/innenaus- und Fortbildung zu den Themenschwerpunkten: Pers\u00f6nlichkeitsbildung und soziale Kompetenz individuelle Lernbegleitung Vereinbarungskultur; Coach- und Managementtrainer,\u00a0Lebens- und Sozialberater Kontakt Mag. Christoph Weibold Siriusweg 18 A-4030 Linz christoph@weibold.cc Mehr zu meiner Person finden Sie [&hellip;]<\/p>\n","protected":false},"author":1,"featured_media":20,"parent":0,"menu_order":0,"comment_status":"closed","ping_status":"open","template":"","meta":{"footnotes":""},"_links":{"self":[{"href":"https:\/\/www.weibold.cc\/index.php?rest_route=\/wp\/v2\/pages\/2"}],"collection":[{"href":"https:\/\/www.weibold.cc\/index.php?rest_route=\/wp\/v2\/pages"}],"about":[{"href":"https:\/\/www.weibold.cc\/index.php?rest_route=\/wp\/v2\/types\/page"}],"author":[{"embeddable":true,"href":"https:\/\/www.weibold.cc\/index.php?rest_route=\/wp\/v2\/users\/1"}],"replies":[{"embeddable":true,"href":"https:\/\/www.weibold.cc\/index.php?rest_route=%2Fwp%2Fv2%2Fcomments&post=2"}],"version-history":[{"count":6,"href":"https:\/\/www.weibold.cc\/index.php?rest_route=\/wp\/v2\/pages\/2\/revisions"}],"predecessor-version":[{"id":43,"href":"https:\/\/www.weibold.cc\/index.php?rest_route=\/wp\/v2\/pages\/2\/revisions\/43"}],"wp:featuredmedia":[{"embeddable":true,"href":"https:\/\/www.weibold.cc\/index.php?rest_route=\/wp\/v2\/media\/20"}],"wp:attachment":[{"href":"https:\/\/www.weibold.cc\/index.php?rest_route=%2Fwp%2Fv2%2Fmedia&parent=2"}],"curies":[{"name":"wp","href":"https:\/\/api.w.org\/{rel}","templated":true}]}}

<p><img loading="lazy" decoding="async" class="alignnone wp-image-20 size-medium" src="http://www.weibold.cc/wp-content/uploads/2015/12/weibold3-300x200.jpg" alt="weibold3" width="300" height="200" srcset="https://www.weibold.cc/wp-content/uploads/2015/12/weibold3-300x200.jpg 300w, https://www.weibold.cc/wp-content/uploads/2015/12/weibold3.jpg 548w" sizes="(max-width: 300px) 100vw, 300px" /></p>
<p><strong>Lehrer</strong> an der BHAK/BHAS Linz für kaufmännische Fächer und PBSK: Persönlichkeitsbildung und soziale Kompetenz</p>
<p><strong>Bundeskoordinator</strong> für Persönlichkeitsbildung und soziale Kompetenz</p>
<p><strong>Referent</strong> an pädagogischen Hochschulen in der Lehrer/innenaus- und Fortbildung zu den Themenschwerpunkten:</p>
<ul>
<li>Persönlichkeitsbildung und soziale Kompetenz</li>
<li>individuelle Lernbegleitung</li>
<li>Vereinbarungskultur;</li>
</ul>
<p><strong>Coach- und Managementtrainer</strong>, Lebens- und Sozialberater</p>
<h3>Kontakt</h3>
<blockquote>
<address>Mag. Christoph Weibold</address>
<address>Siriusweg 18</address>
<address>A-4030 Linz</address>
<address>christoph@weibold.cc</address>
</blockquote>
<address><a href="https://weibold.wordpress.com" target="_blank">Mehr zu meiner Person finden Sie hier! &gt;&gt;&gt;</a> </address>

<p>Lehrer an der BHAK/BHAS Linz für kaufmännische Fächer und PBSK: Persönlichkeitsbildung und soziale Kompetenz Bundeskoordinator für Persönlichkeitsbildung und soziale Kompetenz Referent an pädagogischen Hochschulen in der Lehrer/innenaus- und Fortbildung zu den Themenschwerpunkten: Persönlichkeitsbildung und soziale Kompetenz individuelle Lernbegleitung Vereinbarungskultur; Coach- und Managementtrainer, Lebens- und Sozialberater Kontakt Mag. Christoph Weibold Siriusweg 18 A-4030 Linz christoph@weibold.cc Mehr zu meiner Person finden Sie [&hellip;]</p>
